hat are the prime factors of 13517786?
2, 67, 281, 359
List the prime factors of 2470290.
2, 3, 5, 67, 1229
List the prime factors of 326349.
3, 17, 79
What are the prime factors of 2601747?
3, 173, 557
What are the prime factors of 195083?
7, 29, 31
List the prime factors of 12727351.
7, 13, 139861
List the prime factors of 233354.
2, 11, 10607
What are the prime factors of 1483508?
2, 13, 47, 607
What are the prime factors of 10179709?
1499, 6791
List the prime factors of 230644.
2, 23, 109
List the prime factors of 641541.
3, 213847
List the prime factors of 28430158.
2, 2749, 5171
What are the prime factors of 2565?
3, 5, 19
What are the prime factors of 680215?
5, 136043
List the prime factors of 1621291.
7, 231613
List the prime factors of 38216781.
3, 47, 167, 541
List the prime factors of 8128088.
2, 1016011
List the prime factors of 140156.
2, 37, 947
List the prime factors of 1533817.
1533817
What are the prime factors of 986997?
3, 11, 2719
What are the prime factors of 3379197?
3, 1126399
List the prime factors of 675789.
3, 225263
List the prime factors of 112140.
2, 3, 5, 7, 89
What are the prime factors of 2448430?
2, 5, 244843
List the prime factors of 51914.
2, 101, 257
What are the prime factors of 161440?
2, 5, 1009
List the prime factors of 497642.
2, 248821
List the prime factors of 23980109.
19, 109, 11579
What are the prime factors of 1390275?
3, 5, 37, 167
What are the prime factors of 12459206?
2, 157, 39679
List the prime factors of 5945178.
2, 3, 23, 67, 643
List the prime factors of 248019.
3, 47, 1759
List the prime factors of 104852.
2, 11, 2383
What are the prime factors of 836401?
181, 4621
List the prime factors of 3069426.
2, 3, 43, 11897
What are the prime factors of 900855?
3, 5, 6673
List the prime factors of 2409307.
2409307
List the prime factors of 22770.
2, 3, 5, 11, 23
What are the prime factors of 235875?
3, 5, 17, 37
What are the prime factors of 100196?
2, 37, 677
List the prime factors of 35735.
5, 7, 1021
What are the prime factors of 3521943?
3, 491, 797
List the prime factors of 116682.
2, 3, 19447
List the prime factors of 1212270.
2, 3, 5, 17, 2377
List the prime factors of 6449061.
3, 2149687
What are the prime factors of 217635?
3, 5, 11, 1319
What are the prime factors of 1144111?
53, 21587
List the prime factors of 16794451.
29, 579119
List the prime factors of 392610.
2, 3, 5, 23, 569
List the prime factors of 5231782.
2, 103, 109, 233
What are the prime factors of 319940?
2, 5, 17, 941
What are the prime factors of 872787?
3, 59, 4931
List the prime factors of 42760.
2, 5, 1069
What are the prime factors of 1247320?
2, 5, 31183
List the prime factors of 282369.
3, 61, 1543
What are the prime factors of 870158?
2, 47, 9257
What are the prime factors of 16243419?
3, 5414473
List the prime factors of 10260024.
2, 3, 23, 18587
What are the prime factors of 14853046?
2, 13, 29, 19699
List the prime factors of 5328416.
2, 73, 2281
List the prime factors of 297088.
2, 11, 211
What are the prime factors of 71880?
2, 3, 5, 599
What are the prime factors of 1959149?
1959149
What are the prime factors of 103884?
2, 3, 11, 787
What are the prime factors of 5276775?
3, 5, 7, 19, 23
List the prime factors of 3761593.
11, 341963
List the prime factors of 882486.
2, 3, 11, 4457
List the prime factors of 1598988.
2, 3, 227, 587
What are the prime factors of 2822176?
2, 7, 43, 293
What are the prime factors of 14196426?
2, 3, 2366071
List the prime factors of 57542.
2, 28771
What are the prime factors of 36980921?
439, 84239
List the prime factors of 1717868.
2, 429467
List the prime factors of 1765990.
2, 5, 176599
What are the prime factors of 1399505?
5, 113, 2477
What are the prime factors of 7839294?
2, 3, 337, 3877
List the prime factors of 2382150.
2, 3, 5, 15881
What are the prime factors of 29017?
29017
What are the prime factors of 11686984?
2, 223, 6551
What are the prime factors of 255475?
5, 11, 929
What are the prime factors of 256505?
5, 29, 61
What are the prime factors of 1061928?
2, 3, 7, 43
List the prime factors of 6390810.
2, 3, 5, 17, 4177
What are the prime factors of 7312443?
3, 197, 12373
List the prime factors of 6063.
3, 43, 47
List the prime factors of 7222959.
3, 267517
What are the prime factors of 4150150?
2, 5, 83003
List the prime factors of 390531.
3, 349, 373
List the prime factors of 7354609.
7354609
What are the prime factors of 1215640?
2, 5, 30391
List the prime factors of 4354270.
2, 5, 435427
What are the prime factors of 2014509?
3, 7, 95929
What are the prime factors of 1286543?
17, 75679
What are the prime factors of 18805?
5, 3761
What are the prime factors of 13211365?
5, 19, 139067
List the prime factors of 574436.
2, 143609
List the prime factors of 254352.
2, 3, 7, 757
List the prime factors of 199252.
2, 109, 457
What are the prime factors of 1031503?
11, 79, 1187
List the prime factors of 60209.
60209
List the prime factors of 207798.
2, 3, 59, 587
List the prime factors of 5771599.
73, 79063
What are the prime factors of 131070?
2, 3, 5, 17, 257
List the prime factors of 22070.
2, 5, 2207
What are the prime factors of 13540904?
2, 13, 130201
List the prime factors of 1538875.
5, 13, 947
What are the prime factors of 20650280?
2, 5, 7, 73751
What are the prime factors of 74860?
2, 5, 19, 197
List the prime factors of 1572443.
1572443
List the prime factors of 386959.
379, 1021
What are the prime factors of 1169537?
31, 1217
List the prime factors of 3769765.
5, 109, 6917
List the prime factors of 2783443.
13, 19, 59, 191
What are the prime factors of 184156?
2, 7, 6577
List the prime factors of 145918.
2, 72959
What are the prime factors of 1691145?
3, 5, 12527
What are the prime factors of 450497?
109, 4133
List the prime factors of 9266753.
9266753
What are the prime factors of 176200?
2, 5, 881
What are the prime factors of 2803099?
13, 257, 839
What are the prime factors of 51540?
2, 3, 5, 859
What are the prime factors of 785546?
2, 523, 751
What are the prime factors of 135200?
2, 5, 13
What are the prime factors of 947924?
2, 236981
What are the prime factors of 5035785?
3, 5, 335719
What are the prime factors of 543668?
2, 199, 683
What are the prime factors of 7394458?
2, 19, 194591
List the prime factors of 7428975.
3, 5, 99053
What are the prime factors of 37415?
5, 7, 1069
What are the prime factors of 1285965?
3, 5, 17, 41
What are the prime factors of 3976355?
5, 23, 71, 487
List the prime factors of 427541.
427541
List the prime factors of 5322819.
3, 17, 104369
List the prime factors of 2164738.
2, 1082369
What are the prime factors of 1874174?
2, 163, 5749
List the prime factors of 11049315.
3, 5, 23, 32027
List the prime factors of 1873104.
2, 3, 39023
What are the prime factors of 357603?
3, 199, 599
List the prime factors of 685874.
2, 7, 48991
What are the prime factors of 175275?
3, 5, 19, 41
List the prime factors of 1477618.
2, 67, 11027
List the prime factors of 569396.
2, 283, 503
What are the prime factors of 20190677?
13, 1553129
List the prime factors of 304090.
2, 5, 47, 647
List the prime factors of 1784396.
2, 59, 7561
What are the prime factors of 3270382?
2, 641, 2551
List the prime factors of 126620.
2, 5, 13, 487
List the prime factors of 224274.
2, 3, 37379
List the prime factors of 13695064.
2, 17, 100699
List the prime factors of 1421827.
11, 19, 6803
List the prime factors of 3531952.
2, 220747
What are the prime factors of 2032383?
3, 677461
What are the prime factors of 226618?
2, 7, 16187
List the prime factors of 1264945.
5, 11, 109, 211
What are the prime factors of 1404008?
2, 223, 787
List the prime factors of 326432.
2, 101
What are the prime factors of 4160453?
11, 378223
What are the prime factors of 11339887?
13, 613, 1423
List the prime factors of 5996745.
3, 5, 133261
What are the prime factors of 17715169?
151, 117319
What are the prime factors of 38382982?
2, 11, 307, 5683
List the prime factors of 345334.
2, 11, 1427
List the prime factors of 372831.
3, 124277
What are the prime factors of 2412715?
5, 19, 109, 233
List the prime factors of 90059.
90059
What are the prime factors of 1177963?
101, 107, 109
List the prime factors of 2931915.
3, 5, 7, 3989
List the prime factors of 1079301.
3, 35976